*2 - 15*f + 5. What is i(-15)?
5
Let z(r) = r**3 + 19*r**2 + 21*r + 13. What is z(-18)?
-41
Let n(m) = -m**3 + 4*m**2 + 4*m - 7. Calculate n(4).
9
Let d(j) = -11*j**2 - 13*j - 4. Give d(-3).
-64
Let t(s) = 2*s**3 + 15*s**2 + 4*s + 12. What is t(-7)?
33
Let m(d) = -d + 18. What is m(12)?
6
Let t(c) = c**3 - 5*c**2 - 11*c + 12. Give t(6).
-18
Let n(a) = 13*a**2 + a - 7. Give n(2).
47
Let r(t) = t**2 - 7*t + 1. Calculate r(6).
-5
Let k(r) = -r**3 - 11*r**2 - 10*r + 6. Give k(-9).
-66
Let q(o) = -3*o**2 + 6*o - 4. Calculate q(5).
-49
Let m(f) = -f**3 + 20*f**2 + 7. Give m(20).
7
Let b(y) = -2*y**2 + 3*y + 2. Determine b(3).
-7
Let x(c) = -4*c**2 + 11*c + 8. Give x(6).
-70
Let f(d) = d**3 + 4*d**2 + 2*d - 6. What is f(-3)?
-3
Let x(p) = 3*p + 24. Calculate x(-10).
-6
Let k(l) = -6*l - 3. Calculate k(1).
-9
Let v(q) = -q**3 - 5*q**2 + 3*q + 2. Give v(-4).
-26
Let h(p) = -p**3 - 4*p**2 + 2*p - 8. What is h(-5)?
7
Let j(k) = -5*k**2 - k + 12. Calculate j(0).
12
Let c(y) = 2*y**2 - 12*y + 6. Determine c(6).
6
Let u(z) = z - 11. What is u(9)?
-2
Let s(i) = 2*i**3 - 15*i**2 + 2*i + 36. Determine s(7).
1
Let u(j) = j**3 + 2*j**2 + 2*j. What is u(0)?
0
Let b(m) = -m**3 - 3*m**2 + 13*m - 15. Give b(-6).
15
Let r(k) = -6*k + 11. Give r(13).
-67
Let m(k) = k**3 + 8*k**2 + 6*k + 9. What is m(-3)?
36
Let w(t) = t**3 + 5*t**2 - 37*t + 6. Give w(4).
2
Let u(a) = -11*a**3 + 5*a**2 + 4*a - 2. Calculate u(-2).
98
Let i(m) = 3*m**2 - 34*m - 28. Calculate i(12).
-4
Let r(s) = s**3 - 10*s**2 - 10*s - 23. Determine r(10).
-123
Let p(g) = -3*g - 6. What is p(2)?
-12
Let y(v) = -v**3 - 7*v**2 - 5*v - 7. What is y(-7)?
28
Let p(h) = -h**3 + 7*h**2 + 10*h. Calculate p(8).
16
Let n(a) = a**2 - 3*a - 41. Give n(-6).
13
Let h(g) = -g**3 + 25*g**2 + 29*g + 24. Calculate h(26).
102
Let u(l) = -l**2 + 12*l - 15. Give u(10).
5
Let n(x) = -12*x**2 + x. Determine n(2).
-46
Let t(a) = a**2 + 2*a + 2. Give t(-2).
2
Let t(q) = q**3 + 8*q**2 - q + 7. Calculate t(-8).
15
Let w(h) = h. What is w(-5)?
-5
Let w(s) = -s - 12. Give w(-18).
6
Let c(y) = 7*y - 68. Calculate c(11).
9
Let a(q) = q**2 - q - 2. What is a(4)?
10
Let m(n) = 4*n + 18. What is m(-8)?
-14
Let o(w) = -w**2 - 18*w - 23. What is o(-18)?
-23
Let c(o) = -o**2 + 31*o + 409. What is c(-10)?
-1
Let t(j) = -j - 46. Give t(-15).
-31
Let f(d) = -d**2 + 4*d + 17. Determine f(6).
5
Let t(k) = k - 21. Calculate t(15).
-6
Let i(s) = 2*s**2 - 3*s. Calculate i(0).
0
Let a(f) = -7*f + 9. Give a(3).
-12
Let a(u) = 6*u - 18. Determine a(6).
18
Let b(y) = -y**2 + 10*y - 7. What is b(6)?
17
Let i(s) = s**2 - 11*s - 60. Give i(16).
20
Let m(a) = -24*a - 118. What is m(-5)?
2
Let p(a) = a + 8. Calculate p(-4).
4
Let n(r) = r + 32. Calculate n(-58).
-26
Let o(k) = -k**2 + 16*k - 9. Calculate o(9).
54
Let r(u) = -u**3 - 42*u**2 - 247*u - 69. Determine r(-35).
1
Let v(o) = -12*o - 115. Give v(-9).
-7
Let o(a) = a**2 + 12*a - 8. Determine o(-7).
-43
Let a(s) = s**2 + 4*s - 5. Determine a(2).
7
Let x(d) = d**3 + 20*d**2 - 20*d - 1. Calculate x(-21).
-22
Let i(f) = f**2 + 2*f + 2. Calculate i(-4).
10
Let x(z) = z**2 + 12*z - 13. Give x(-10).
-33
Let v(c) = c**3 + c**2 - 4*c - 3. Give v(-2).
1
Let u(o) = 22*o - 5. Calculate u(-4).
-93
Let t(c) = 18*c - 1. What is t(6)?
107
Let w(r) = r**3 - 11*r**2 + 11*r - 11. Give w(10).
-1
Let o(i) = i**3 + 35*i**2 + 67*i + 18. What is o(-33)?
-15
Let l(w) = w**3 - 8*w**2 + 7*w + 12. What is l(6)?
-18
Let y(l) = 3*l**2 - 21*l + 2. Give y(7).
2
Let y(g) = g**3 - 13*g**2 + 14*g - 16. Calculate y(12).
8
Let a(t) = -2*t**2 - 3*t + 13. Calculate a(-4).
-7
Let b(c) = -2*c**3 - 49*c**2 + 25*c + 12. Calculate b(-25).
12
Let v(i) = -2*i**2 - 6*i - 8. What is v(-6)?
-44
Let o(w) = w**2 + 27*w + 65. Give o(-25).
15
Let i(g) = -g**2 - 9*g + 5. What is i(-8)?
13
Let u(c) = c + 2. Calculate u(-6).
-4
Let q(h) = h**2 - 39*h + 76. Calculate q(2).
2
Let g(y) = y**3 + 3*y**2 + 11. Calculate g(-4).
-5
Let h(x) = x**2 + 14*x. Give h(-14).
0
Let c(o) = o**2 + 10*o - 2. What is c(-6)?
-26
Let g(d) = -39*d - 5. Calculate g(-2).
73
Let v(j) = 2*j + 23. Determine v(-3).
17
Let g(i) = -33*i + 2. Determine g(-2).
68
Let n(y) = -y**2 - 11*y - 9. Determine n(-10).
1
Let s(j) = 2*j**3 - 17*j**2 + 45*j - 172. Calculate s(7).
-4
Let w(n) = n**2 - n - 17. Give w(5).
3
Let r(w) = -w**2 - 2*w + 49. Determine r(-8).
1
Let q(r) = -8*r - 12. Determine q(8).
-76
Let d(m) = -m**2 + 42*m - 210. What is d(6)?
6
Let b(h) = h + 11. Calculate b(-8).
3
Let k(u) = 18*u + 319. Calculate k(-18).
-5
Let f(r) = -5*r - 2. What is f(-1)?
3
Let s(r) = -r + 5. Give s(7).
-2
Let q(y) = y**3 - 14*y**2 + 2*y - 21. Determine q(14).
7
Let y(w) = 3*w**2 + 4*w - 2. Determine y(-5).
53
Let s(h) = 9*h**2 - 3*h. Give s(1).
6
Let i(u) = -2*u**2 + 5*u + 6. Calculate i(-3).
-27
Let f(x) = 2*x**2 - 18*x + 8. Calculate f(9).
8
Let q(b) = -b**3 + 10*b**2 + 14*b + 27. Calculate q(11).
60
Let z(k) = -k**3 - 9*k**2 + 2*k - 9. What is z(-9)?
-27
Let t(p) = -18*p**3 + 1. Determine t(-1).
19
Let d(a) = 8*a**2 - 5*a + 2. What is d(4)?
110
Let g(l) = -3*l**3 - l**2 + 5*l - 7. Give g(2).
-25
Let f(u) = -2*u**2 + 5*u - 2. Calculate f(6).
-44
Let c(a) = -a**2 + 5*a + 50. Calculate c(13).
-54
Let t(j) = j**2 + 7*j - 4. Determine t(-8).
4
Let c(k) = 39*k**2 + 5*k - 4. Determine c(1).
40
Let b(c) = -2*c**2 - 5*c + 25. Determine b(-6).
-17
Let m(b) = -b**2 + 3*b + 7. Determine m(4).
3
Let w(a) = a + 31. Calculate w(11).
42
Let c(v) = v**2 - 15*v + 45. Give c(11).
1
Let s(z) = 2*z**2 + 16*z - 1. Calculate s(-8).
-1
Let i(x) = -x**3 + x**2 + 7*x + 3. Determine i(4).
-17
Let w(f) = -f**3 + 35*f**2 + 30*f + 223. Calculate w(36).
7
Let h(y) = 2*y - 4. What is h(3)?
2
Let h(r) = r**3 - 7*r**2 - 44*r - 27. Determine h(11).
-27
Let q(s) = -s**3 + 12*s**2 - 14*s + 6. Calculate q(11).
-27
Let h(s) = s**2 + 6*s + 37. Calculate h(-6).
37
Let i(k) = -k**3 + k**2 + 3*k + 1. Calculate i(-2).
7
Let n(p) = p**2 + 18*p - 6. What is n(-17)?
-23
Let i(j) = -2*j + 22. What is i(7)?
8
Let j(f) = -f**3 + 5*f**2 + 3*f + 16. Calculate j(0).
16
Let d(i) = -i**2 + 7*i + 74. Calculate d(13).
-4
Let g(a) = -13*a**2 + a + 5. Give g(-2).
-49
Let w(v) = -3*v**2 - 36*v - 59. Give w(-10).
1
Let g(p) = 3*p - 5. Give g(4).
7
Let y(a) = a**3 - 11*a**2 + 2. Give y(11).
2
Let t(o) = 51*o - 203. What is t(4)?
1
Let o(q) = -q**2 - 7*q - 9. Calculate o(-9).
-27
Let r(u) = 2*u**2 - 14*u - 8. Give r(8).
8
Let c(l) = -l**3 + 6*l - 18. Give c(0).
-18
Let z(p) = -3*p**3 - 4*p**2 - 3*p - 2. What is z(-2)?
12
Let f(s) = 10*s + 6. What is f(-3)?
-24
Let p(b) = -b**3 - 6*b**2 - 10*b - 75. Give p(-6).
-15
Let i(d) = d**2 - 7*d. What is i(6)?
-6
Let a(n) = -n**3 + 8*n**2 + 24*n - 27. Give a(10).
13
Let h(y) = -y + 1. Give h(-6).
7
Let b(y) = -15*y**2 + 4*y + 6. What is b(-2)?
-62
Let b(u) = u**2 - 13*u - 10. What is b(11)?
-32
Let l(r) = -r + 7. Give l(6).
1
Let x(m) = 2*m**3 + 5*m**2 + m - 3. Calculate x(-3).
-15
Let s(j) = -18*j**2 - 2*j. What is s(-2)?
-68
Let r(s) = 6*s + 26. Calculate r(-4).
2
Let p(z) = z**3 - 2*z**2. Give p(2).
0
Let y(i) = i**2 + 11*i + 34. Give y(-7).
6
Let b(z) = 7*z**2 - 7*z + 20. Determine b(3).
62
Let c(n) = 14*n**2 + 3*n - 7. Give c(2).
55
Let w(h) = -4*h + 9. Determine w(-7).
37
Let a(k) = k**3 + 6*k**2 + 2*k + 1. What is a(-4)?
25
Let g(b) = b**2 - 4*b. Calculate g(4).
0
Let w(r) = -r**3 + 7*r**2 - 7*r + 5. What is w(6)?
-1
Let q(f) = -f**2 - 13*f + 19. What is q(-14)?
5
Let n(b) = -3*b - 2. Give n(4).
-14
Let w(f) = f**3 + 27*f**2 + 28*f + 56. Determine w(-26).
4
Let s(i) = -i + 39. What is s(18)?
21
Let d(j) = j**2 - 4*j - 34. Determine d(-3).
-13
Let u(z) = 2*z**2 - 31*z - 20. What is u(16)?
-4
Let d(t) = 5*t**2 + 24*t - 7. Calculate d(-5).
-2
Let j(a) = a**3 - 2*a**2 - a + 66. Determine j(0).
66
Let u(x) = -x**3 - 8*x**2 - 5*x + 8. What is u(-7)?
-6
Let r(j) = j**3 + 6*j**2 + 23. Calculate r(-7).
-26
Let c(g) = -2*g**3 - 6*g**2 - 7*g - 4. Calculate c(-3).
17
Let a(t) = t**2 + 4*t - 6. Give a(-7).
15
Let r(a) = -a**3 + 12*a**2 - 3*a + 10. Give r(12).
-26
Let z(l) = -l**3 + 12*l**2 - 11*l + 1. Calculate z(11).
1
Let t(i) = i**3 - 5*i**2 + 2*i - 4. Give t(3).
-16
Let o(i) = -63*i**3 - i**2. Calculate o(-1).
62
Let s(o) = -2*o**3 + 12*o**2 - 5*o + 13. What is s(5)?
38
Let x(l) = 2*l**3 - 15*l**2 + 7*l + 1. What i